{"id":8,"date":"2018-10-13T23:16:00","date_gmt":"2018-10-13T21:16:00","guid":{"rendered":"http:\/\/www.wandernundtanzen.de\/?page_id=8"},"modified":"2024-11-25T22:34:39","modified_gmt":"2024-11-25T21:34:39","slug":"ueber-mich","status":"publish","type":"page","link":"https:\/\/www.wandernundtanzen.de\/?page_id=8","title":{"rendered":"\u00dcber mich"},"content":{"rendered":"<p><span style=\"color: #333399;\"><img loading=\"lazy\" decoding=\"async\" class=\"alignnone size-medium wp-image-241\" src=\"http:\/\/www.wandernundtanzen.de\/wp-content\/uploads\/2018\/10\/Portrait1-300x256.jpg\" alt=\"\" width=\"300\" height=\"256\" srcset=\"https:\/\/www.wandernundtanzen.de\/wp-content\/uploads\/2018\/10\/Portrait1-300x256.jpg 300w, https:\/\/www.wandernundtanzen.de\/wp-content\/uploads\/2018\/10\/Portrait1.jpg 567w\" sizes=\"auto, (max-width: 300px) 100vw, 300px\" \/><\/span><\/p>\n<p><span style=\"color: #333399;\">Ich reise seit mehr als 30 Jahren jeden Sommer in die Bretagne. Dort habe ich zum ersten Mal bretonische Tanz-Feste erlebt, die mich sofort ber\u00fchrt und begeistert haben.<\/span><\/p>\n<p><span style=\"color: #333399;\">Auf diesen Festou Noz wurde ich spontan in die T\u00e4nzergemeinschaft aufgenommen und meine F\u00fc\u00dfe begannen schnell, zu den bretonischen Rhythmen zu tanzen. Das Eingebunden-Sein in den Kreis oder die Kette der T\u00e4nzer zum Rhythmus der Musik vermittelt mir ein tiefes Erleben von Beschwingheit und Sicherheit zugleich. Inzwischen ist das Tanzen f\u00fcr mich ein Lebensgef\u00fchl, dass mich auf diese Weise eng mit der Bretagne verbindet.<\/span><\/p>\n<p><span style=\"color: #333399;\">Die andere wichtige Kraftquelle ist f\u00fcr mich die wunderbare Natur an der Smaragdk\u00fcste der C\u00f4te Emeraude. Das Wandern dort und die beeindruckende Landschaft mit ihrem Farbenspiel erfreuen mich zutiefst. Das m\u00f6chte ich gerne mit euch teilen.<br \/>\n<\/span><\/p>\n","protected":false},"excerpt":{"rendered":"<p>Ich reise seit mehr als 30 Jahren jeden Sommer in die Bretagne. Dort habe ich zum ersten Mal bretonische Tanz-Feste erlebt, die mich sofort ber\u00fchrt und begeistert haben. Auf diesen Festou Noz wurde ich spontan in die T\u00e4nzergemeinschaft aufgenommen und meine F\u00fc\u00dfe begannen schnell, zu den bretonischen Rhythmen zu tanzen. Das Eingebunden-Sein in den Kreis &hellip; <\/p>\n<p class=\"link-more\"><a href=\"https:\/\/www.wandernundtanzen.de\/?page_id=8\" class=\"more-link\"><span class=\"screen-reader-text\">\u201e\u00dcber mich\u201c<\/span> weiterlesen<\/a><\/p>\n","protected":false},"author":1,"featured_media":0,"parent":0,"menu_order":0,"comment_status":"closed","ping_status":"closed","template":"","meta":{"footnotes":""},"class_list":["post-8","page","type-page","status-publish","hentry"],"_links":{"self":[{"href":"https:\/\/www.wandernundtanzen.de\/index.php?rest_route=\/wp\/v2\/pages\/8","targetHints":{"allow":["GET"]}}],"collection":[{"href":"https:\/\/www.wandernundtanzen.de\/index.php?rest_route=\/wp\/v2\/pages"}],"about":[{"href":"https:\/\/www.wandernundtanzen.de\/index.php?rest_route=\/wp\/v2\/types\/page"}],"author":[{"embeddable":true,"href":"https:\/\/www.wandernundtanzen.de\/index.php?rest_route=\/wp\/v2\/users\/1"}],"replies":[{"embeddable":true,"href":"https:\/\/www.wandernundtanzen.de\/index.php?rest_route=%2Fwp%2Fv2%2Fcomments&post=8"}],"version-history":[{"count":13,"href":"https:\/\/www.wandernundtanzen.de\/index.php?rest_route=\/wp\/v2\/pages\/8\/revisions"}],"predecessor-version":[{"id":526,"href":"https:\/\/www.wandernundtanzen.de\/index.php?rest_route=\/wp\/v2\/pages\/8\/revisions\/526"}],"wp:attachment":[{"href":"https:\/\/www.wandernundtanzen.de\/index.php?rest_route=%2Fwp%2Fv2%2Fmedia&parent=8"}],"curies":[{"name":"wp","href":"https:\/\/api.w.org\/{rel}","templated":true}]}}

Über mich

<p><span style="color: #333399;"><img loading="lazy" decoding="async" class="alignnone size-medium wp-image-241" src="http://www.wandernundtanzen.de/wp-content/uploads/2018/10/Portrait1-300x256.jpg" alt="" width="300" height="256" srcset="https://www.wandernundtanzen.de/wp-content/uploads/2018/10/Portrait1-300x256.jpg 300w, https://www.wandernundtanzen.de/wp-content/uploads/2018/10/Portrait1.jpg 567w" sizes="auto, (max-width: 300px) 100vw, 300px" /></span></p>
<p><span style="color: #333399;">Ich reise seit mehr als 30 Jahren jeden Sommer in die Bretagne. Dort habe ich zum ersten Mal bretonische Tanz-Feste erlebt, die mich sofort berührt und begeistert haben.</span></p>
<p><span style="color: #333399;">Auf diesen Festou Noz wurde ich spontan in die Tänzergemeinschaft aufgenommen und meine Füße begannen schnell, zu den bretonischen Rhythmen zu tanzen. Das Eingebunden-Sein in den Kreis oder die Kette der Tänzer zum Rhythmus der Musik vermittelt mir ein tiefes Erleben von Beschwingheit und Sicherheit zugleich. Inzwischen ist das Tanzen für mich ein Lebensgefühl, dass mich auf diese Weise eng mit der Bretagne verbindet.</span></p>
<p><span style="color: #333399;">Die andere wichtige Kraftquelle ist für mich die wunderbare Natur an der Smaragdküste der Côte Emeraude. Das Wandern dort und die beeindruckende Landschaft mit ihrem Farbenspiel erfreuen mich zutiefst. Das möchte ich gerne mit euch teilen.<br />
</span></p>

<p>Ich reise seit mehr als 30 Jahren jeden Sommer in die Bretagne. Dort habe ich zum ersten Mal bretonische Tanz-Feste erlebt, die mich sofort berührt und begeistert haben. Auf diesen Festou Noz wurde ich spontan in die Tänzergemeinschaft aufgenommen und meine Füße begannen schnell, zu den bretonischen Rhythmen zu tanzen. Das Eingebunden-Sein in den Kreis &hellip; </p>
<p class="link-more"><a href="https://www.wandernundtanzen.de/?page_id=8" class="more-link"><span class="screen-reader-text">„Über mich“</span> weiterlesen</a></p>
