{"id":99,"date":"2017-02-27T19:40:48","date_gmt":"2017-02-27T18:40:48","guid":{"rendered":"http:\/\/www.wandernundtanzen.de\/?page_id=99"},"modified":"2025-09-21T21:29:38","modified_gmt":"2025-09-21T19:29:38","slug":"informationen-zur-reise","status":"publish","type":"page","link":"https:\/\/www.wandernundtanzen.de\/?page_id=99","title":{"rendered":"Informationen zur Reise"},"content":{"rendered":"<h2 class=\"column\"><span style=\"color: #333399;\"><strong>Eigene Anreise und Unterkunft<\/strong><\/span><\/h2>\n<ul>\n<li class=\"column\"><span style=\"color: #000080;\"> in einer der Ferienwohnungen im nahegelegenen Dorf<\/span><\/li>\n<li class=\"column\"><span style=\"color: #000080;\">auf dem Campingplatz von Pl\u00e9venon &#8222;Camping du Cap Fr\u00e9hel&#8220; im Zelt, im eigenen oder gemieteten Wohnwagen<\/span><\/li>\n<li><span style=\"color: #000080;\">in einem Tinyhaus 1 km vom Strand<\/span><\/li>\n<li class=\"column\"><span style=\"color: #000080;\">in einem Mobilhome auf dem Campingplatz &#8222;d`Armor&#8220;, 3 km entfernt<\/span><\/li>\n<li class=\"column\"><span style=\"color: #000080;\">in einem 4-Sterne Hotel in erreichbarer N\u00e4he, ca. 5 km entfernt<br \/>\nBei Auswahl und Buchung der Unterkunft bin ich euch gerne behilflich.\u00a0 \u00a0 \u00a0 \u00a0 \u00a0 \u00a0 \u00a0 \u00a0<\/span><\/li>\n<\/ul>\n<div><span style=\"color: #000080;\">F\u00fcr die kurzen Wege, Eink\u00e4ufe oder Ausfl\u00fcge kann man auch vor Ort E-Bikes mieten.<br \/>\n<\/span><\/div>\n<div><\/div>\n<div class=\"column\"><span style=\"color: #000080;\">Mehrere Wohnungen f\u00fcr 2 &#8211; 5 Personen stehen in einen alten Gutshaus (mit neuerem Anbau) in Plevenon oder auch an anderen Orten zur Verf\u00fcgung. Bei Interesse k\u00f6nnten auch kleine Ferienwohngemeinschaften entstehen.<\/span><\/div>\n<div class=\"column\"><span style=\"color: #000080;\"><span style=\"color: #333399;\"><strong>Der Zeitraum ist in dieser Region sehr beliebt und es empfiehlt sich, m\u00f6glichst fr\u00fch zu buchen.<\/strong><\/span> Vor allem die wenigen sehr einfachen Wohnwagen, die man mieten kann, werden meist schon fr\u00fch reserviert.<br \/>\n<\/span><\/div>\n<div class=\"column\">\n<p><span style=\"color: #000080;\">Fahrgemeinschaften zur Anreise vermittle ich gerne. Das hat in den letzten Jahren oft sehr gut geklappt und war f\u00fcr alle Teilnehmenden ein Gewinn. Man kann auch mit dem Zug anreisen. Der n\u00e4chste TGV Bahnhof ist Lamballe<\/span><\/p>\n<p><span style=\"color: #000080;\">Die Startpunkte unserer Wanderungen werden nach M\u00f6glichkeit in Fahrgemeinschaften angefahren und daf\u00fcr eine kleine Fahrtkostenbeteiligung verabredet.<\/span><\/p>\n<h2><span style=\"color: #000080;\"><strong>Zeitraum<\/strong><\/span><\/h2>\n<p><span style=\"color: #000080;\"><strong>Dienstag, 21.7. &#8211; Freitag, 31.7.2026 &#8211; 11 Tage<\/strong><br \/>\n<\/span><\/p>\n<p><span style=\"color: #000080;\">Wenn Du magst, kannst Du schon vor diesem Termin anreisen oder nach dem Ende der gemeinsamen Aktivit\u00e4ten noch etwas bleiben. Da die Unterkunft selbst organisiert wird, kann dies individuell\u00a0 vereinbart werden. In der Regel werden die Ferienwohnungen jedoch nur von Samstag bis Samstag angeboten, die Wohnwagen ab und bis Sonntag (es sind auch einige Tage l\u00e4nger m\u00f6glich). Das hat f\u00fcr die Teilnehmer den Vorteil, dass sie in Ruhe an diesem sch\u00f6nen Ort ankommen und sich erst mal einfinden k\u00f6nnen, bevor wir dann am Dienstag 21.7. mit dem Programm starten. Ich empfehle, am Sonntag vor Beginn anzukommen. F\u00fcr die, die l\u00e4nger bleiben m\u00f6chten, ist es eine sch\u00f6ne M\u00f6glichkeit, noch eine ganz eigene Zeit zu gestalten.<br \/>\n<\/span><\/p>\n<h2><span style=\"color: #000080;\"><strong>Kosten<\/strong><\/span><\/h2>\n<p><span style=\"color: #000080;\">240 \u20ac f\u00fcr 11 Tage Wandern und Tanzen im Wechsel, davon ein freier Tag f\u00fcr eine eigene Unternehmung, einen Strand- oder Ruhetag<\/span><span style=\"color: #000080;\">.<\/span><\/p>\n<\/div>\n","protected":false},"excerpt":{"rendered":"<p>Eigene Anreise und Unterkunft in einer der Ferienwohnungen im nahegelegenen Dorf auf dem Campingplatz von Pl\u00e9venon &#8222;Camping du Cap Fr\u00e9hel&#8220; im Zelt, im eigenen oder gemieteten Wohnwagen in einem Tinyhaus 1 km vom Strand in einem Mobilhome auf dem Campingplatz &#8222;d`Armor&#8220;, 3 km entfernt in einem 4-Sterne Hotel in erreichbarer N\u00e4he, ca. 5 km entfernt &hellip; <\/p>\n<p class=\"link-more\"><a href=\"https:\/\/www.wandernundtanzen.de\/?page_id=99\" class=\"more-link\"><span class=\"screen-reader-text\">\u201eInformationen zur Reise\u201c<\/span> weiterlesen<\/a><\/p>\n","protected":false},"author":1,"featured_media":0,"parent":0,"menu_order":0,"comment_status":"closed","ping_status":"closed","template":"","meta":{"footnotes":""},"class_list":["post-99","page","type-page","status-publish","hentry"],"_links":{"self":[{"href":"https:\/\/www.wandernundtanzen.de\/index.php?rest_route=\/wp\/v2\/pages\/99","targetHints":{"allow":["GET"]}}],"collection":[{"href":"https:\/\/www.wandernundtanzen.de\/index.php?rest_route=\/wp\/v2\/pages"}],"about":[{"href":"https:\/\/www.wandernundtanzen.de\/index.php?rest_route=\/wp\/v2\/types\/page"}],"author":[{"embeddable":true,"href":"https:\/\/www.wandernundtanzen.de\/index.php?rest_route=\/wp\/v2\/users\/1"}],"replies":[{"embeddable":true,"href":"https:\/\/www.wandernundtanzen.de\/index.php?rest_route=%2Fwp%2Fv2%2Fcomments&post=99"}],"version-history":[{"count":27,"href":"https:\/\/www.wandernundtanzen.de\/index.php?rest_route=\/wp\/v2\/pages\/99\/revisions"}],"predecessor-version":[{"id":548,"href":"https:\/\/www.wandernundtanzen.de\/index.php?rest_route=\/wp\/v2\/pages\/99\/revisions\/548"}],"wp:attachment":[{"href":"https:\/\/www.wandernundtanzen.de\/index.php?rest_route=%2Fwp%2Fv2%2Fmedia&parent=99"}],"curies":[{"name":"wp","href":"https:\/\/api.w.org\/{rel}","templated":true}]}}